{"id":828,"date":"2021-06-08T13:20:41","date_gmt":"2021-06-08T11:20:41","guid":{"rendered":"https:\/\/www.tuinenblondiau.be\/over-ons-2\/"},"modified":"2021-06-16T13:02:42","modified_gmt":"2021-06-16T11:02:42","slug":"qui-sommes-nous","status":"publish","type":"page","link":"https:\/\/www.tuinenblondiau.be\/fr\/qui-sommes-nous\/","title":{"rendered":"Qui sommes-nous?"},"content":{"rendered":"<h2>JOHAN BLONDIAU<\/h2>\n<p>Le fondateur de Jardins Blondiau est d\u00e9j\u00e0 plus de 25 ans travaillant dans le secteur de l&rsquo;horticulture. Johan est disponible tous les jours dans notre Centre de jardin pour toutes vos questions.\u00a0Il peut \u00e9galement vous guider dans notre expo qui a \u00e9t\u00e9 construit r\u00e9cemment. Gr\u00e2ce \u00e0 sa vaste connaissance des plantes et des ann\u00e9es d&rsquo;exp\u00e9rience, il est l&rsquo;homme id\u00e9al pour fournir des conseils de jardinage.<\/p>\n<h2>JENS BLONDIAU<\/h2>\n<p>La personne responsable de vos r\u00e9alisations de jardins cherche toujours des d\u00e9fis. Il est tr\u00e8s motiv\u00e9 \u00e0 former votre jardin de A \u00e0 Z, en commen\u00e7ant par le plan de votre jardin jusqu\u2019\u00e0 une r\u00e9alisation \u00e9tonnante. Sa connaissance des mat\u00e9riaux contemporains et durables est certainement un atout dans le secteur horticole. En suivant des formations sur une base r\u00e9guli\u00e8re sa connaissance reste \u00e0 jour.<\/p>\n<h2>PIETER BLONDIAU<\/h2>\n<p>La personne responsable de vos r\u00e9alisations de jardins cherche toujours des d\u00e9fis. Il est tr\u00e8s motiv\u00e9 \u00e0 former votre jardin de A \u00e0 Z, en commen\u00e7ant par le plan de votre jardin jusqu\u2019\u00e0 une r\u00e9alisation \u00e9tonnante. Sa connaissance des mat\u00e9riaux contemporains et durables est certainement un atout dans le secteur horticole. En suivant des formations sur une base r\u00e9guli\u00e8re sa connaissance reste \u00e0 jour.<\/p>\n","protected":false},"excerpt":{"rendered":"<p>JOHAN BLONDIAU Le fondateur de Jardins Blondiau est d\u00e9j\u00e0 plus&#8230;<\/p>\n","protected":false},"author":1,"featured_media":829,"parent":0,"menu_order":26,"comment_status":"closed","ping_status":"closed","template":"","meta":{"_acf_changed":false,"inline_featured_image":false,"footnotes":""},"class_list":["post-828","page","type-page","status-publish","has-post-thumbnail","hentry"],"acf":[],"yoast_head":"<!-- This site is optimized with the Yoast SEO plugin v27.0 - https:\/\/yoast.com\/product\/yoast-seo-wordpress\/ -->\n<title>Qui sommes-nous? - Welkom - Tuinen Blondiau<\/title>\n<meta name=\"robots\" content=\"index, follow, max-snippet:-1, max-image-preview:large, max-video-preview:-1\" \/>\n<link rel=\"canonical\" href=\"https:\/\/www.tuinenblondiau.be\/fr\/qui-sommes-nous\/\" \/>\n<meta property=\"og:locale\" content=\"fr_FR\" \/>\n<meta property=\"og:type\" content=\"article\" \/>\n<meta property=\"og:title\" content=\"Qui sommes-nous? - Welkom - Tuinen Blondiau\" \/>\n<meta property=\"og:description\" content=\"JOHAN BLONDIAU Le fondateur de Jardins Blondiau est d\u00e9j\u00e0 plus...\" \/>\n<meta property=\"og:url\" content=\"https:\/\/www.tuinenblondiau.be\/fr\/qui-sommes-nous\/\" \/>\n<meta property=\"og:site_name\" content=\"Welkom - Tuinen Blondiau\" \/>\n<meta property=\"article:publisher\" content=\"https:\/\/www.facebook.com\/tuinenblondiau\/\" \/>\n<meta property=\"article:modified_time\" content=\"2021-06-16T11:02:42+00:00\" \/>\n<meta property=\"og:image\" content=\"https:\/\/www.tuinenblondiau.be\/wp-content\/uploads\/2021\/06\/077ab55046ce80eaf9a3ddea999597ca_L.jpg\" \/>\n\t<meta property=\"og:image:width\" content=\"770\" \/>\n\t<meta property=\"og:image:height\" content=\"380\" \/>\n\t<meta property=\"og:image:type\" content=\"image\/jpeg\" \/>\n<meta name=\"twitter:card\" content=\"summary_large_image\" \/>\n<meta name=\"twitter:label1\" content=\"Dur\u00e9e de lecture estim\u00e9e\" \/>\n\t<meta name=\"twitter:data1\" content=\"1 minute\" \/>\n<script type=\"application\/ld+json\" class=\"yoast-schema-graph\">{\"@context\":\"https:\/\/schema.org\",\"@graph\":[{\"@type\":\"WebPage\",\"@id\":\"https:\/\/www.tuinenblondiau.be\/fr\/qui-sommes-nous\/\",\"url\":\"https:\/\/www.tuinenblondiau.be\/fr\/qui-sommes-nous\/\",\"name\":\"Qui sommes-nous? - Welkom - Tuinen Blondiau\",\"isPartOf\":{\"@id\":\"https:\/\/www.tuinenblondiau.be\/nl\/#website\"},\"primaryImageOfPage\":{\"@id\":\"https:\/\/www.tuinenblondiau.be\/fr\/qui-sommes-nous\/#primaryimage\"},\"image\":{\"@id\":\"https:\/\/www.tuinenblondiau.be\/fr\/qui-sommes-nous\/#primaryimage\"},\"thumbnailUrl\":\"https:\/\/www.tuinenblondiau.be\/wp-content\/uploads\/2021\/06\/077ab55046ce80eaf9a3ddea999597ca_L.jpg\",\"datePublished\":\"2021-06-08T11:20:41+00:00\",\"dateModified\":\"2021-06-16T11:02:42+00:00\",\"breadcrumb\":{\"@id\":\"https:\/\/www.tuinenblondiau.be\/fr\/qui-sommes-nous\/#breadcrumb\"},\"inLanguage\":\"fr-FR\",\"potentialAction\":[{\"@type\":\"ReadAction\",\"target\":[\"https:\/\/www.tuinenblondiau.be\/fr\/qui-sommes-nous\/\"]}]},{\"@type\":\"ImageObject\",\"inLanguage\":\"fr-FR\",\"@id\":\"https:\/\/www.tuinenblondiau.be\/fr\/qui-sommes-nous\/#primaryimage\",\"url\":\"https:\/\/www.tuinenblondiau.be\/wp-content\/uploads\/2021\/06\/077ab55046ce80eaf9a3ddea999597ca_L.jpg\",\"contentUrl\":\"https:\/\/www.tuinenblondiau.be\/wp-content\/uploads\/2021\/06\/077ab55046ce80eaf9a3ddea999597ca_L.jpg\",\"width\":770,\"height\":380},{\"@type\":\"BreadcrumbList\",\"@id\":\"https:\/\/www.tuinenblondiau.be\/fr\/qui-sommes-nous\/#breadcrumb\",\"itemListElement\":[{\"@type\":\"ListItem\",\"position\":1,\"name\":\"Start\",\"item\":\"https:\/\/www.tuinenblondiau.be\/fr\/\"},{\"@type\":\"ListItem\",\"position\":2,\"name\":\"Qui sommes-nous?\"}]},{\"@type\":\"WebSite\",\"@id\":\"https:\/\/www.tuinenblondiau.be\/nl\/#website\",\"url\":\"https:\/\/www.tuinenblondiau.be\/nl\/\",\"name\":\"Welkom - Tuinen Blondiau\",\"description\":\"Tuinonderneming Blondiau is opgericht in 1997 als eenmanszaak en is nu hedendaags uitgegroeid als bvba waarbij drie erkende aannemers Johan , Jens en Pieter uw tuindromen realiseren\",\"publisher\":{\"@id\":\"https:\/\/www.tuinenblondiau.be\/nl\/#organization\"},\"potentialAction\":[{\"@type\":\"SearchAction\",\"target\":{\"@type\":\"EntryPoint\",\"urlTemplate\":\"https:\/\/www.tuinenblondiau.be\/nl\/?s={search_term_string}\"},\"query-input\":{\"@type\":\"PropertyValueSpecification\",\"valueRequired\":true,\"valueName\":\"search_term_string\"}}],\"inLanguage\":\"fr-FR\"},{\"@type\":\"Organization\",\"@id\":\"https:\/\/www.tuinenblondiau.be\/nl\/#organization\",\"name\":\"Tuinen Blondiau\",\"url\":\"https:\/\/www.tuinenblondiau.be\/nl\/\",\"logo\":{\"@type\":\"ImageObject\",\"inLanguage\":\"fr-FR\",\"@id\":\"https:\/\/www.tuinenblondiau.be\/nl\/#\/schema\/logo\/image\/\",\"url\":\"https:\/\/www.tuinenblondiau.be\/wp-content\/uploads\/2021\/06\/logo.png\",\"contentUrl\":\"https:\/\/www.tuinenblondiau.be\/wp-content\/uploads\/2021\/06\/logo.png\",\"width\":220,\"height\":137,\"caption\":\"Tuinen Blondiau\"},\"image\":{\"@id\":\"https:\/\/www.tuinenblondiau.be\/nl\/#\/schema\/logo\/image\/\"},\"sameAs\":[\"https:\/\/www.facebook.com\/tuinenblondiau\/\"]}]}<\/script>\n<!-- \/ Yoast SEO plugin. -->","yoast_head_json":{"title":"Qui sommes-nous? - Welkom - Tuinen Blondiau","robots":{"index":"index","follow":"follow","max-snippet":"max-snippet:-1","max-image-preview":"max-image-preview:large","max-video-preview":"max-video-preview:-1"},"canonical":"https:\/\/www.tuinenblondiau.be\/fr\/qui-sommes-nous\/","og_locale":"fr_FR","og_type":"article","og_title":"Qui sommes-nous? - Welkom - Tuinen Blondiau","og_description":"JOHAN BLONDIAU Le fondateur de Jardins Blondiau est d\u00e9j\u00e0 plus...","og_url":"https:\/\/www.tuinenblondiau.be\/fr\/qui-sommes-nous\/","og_site_name":"Welkom - Tuinen Blondiau","article_publisher":"https:\/\/www.facebook.com\/tuinenblondiau\/","article_modified_time":"2021-06-16T11:02:42+00:00","og_image":[{"width":770,"height":380,"url":"https:\/\/www.tuinenblondiau.be\/wp-content\/uploads\/2021\/06\/077ab55046ce80eaf9a3ddea999597ca_L.jpg","type":"image\/jpeg"}],"twitter_card":"summary_large_image","twitter_misc":{"Dur\u00e9e de lecture estim\u00e9e":"1 minute"},"schema":{"@context":"https:\/\/schema.org","@graph":[{"@type":"WebPage","@id":"https:\/\/www.tuinenblondiau.be\/fr\/qui-sommes-nous\/","url":"https:\/\/www.tuinenblondiau.be\/fr\/qui-sommes-nous\/","name":"Qui sommes-nous? - Welkom - Tuinen Blondiau","isPartOf":{"@id":"https:\/\/www.tuinenblondiau.be\/nl\/#website"},"primaryImageOfPage":{"@id":"https:\/\/www.tuinenblondiau.be\/fr\/qui-sommes-nous\/#primaryimage"},"image":{"@id":"https:\/\/www.tuinenblondiau.be\/fr\/qui-sommes-nous\/#primaryimage"},"thumbnailUrl":"https:\/\/www.tuinenblondiau.be\/wp-content\/uploads\/2021\/06\/077ab55046ce80eaf9a3ddea999597ca_L.jpg","datePublished":"2021-06-08T11:20:41+00:00","dateModified":"2021-06-16T11:02:42+00:00","breadcrumb":{"@id":"https:\/\/www.tuinenblondiau.be\/fr\/qui-sommes-nous\/#breadcrumb"},"inLanguage":"fr-FR","potentialAction":[{"@type":"ReadAction","target":["https:\/\/www.tuinenblondiau.be\/fr\/qui-sommes-nous\/"]}]},{"@type":"ImageObject","inLanguage":"fr-FR","@id":"https:\/\/www.tuinenblondiau.be\/fr\/qui-sommes-nous\/#primaryimage","url":"https:\/\/www.tuinenblondiau.be\/wp-content\/uploads\/2021\/06\/077ab55046ce80eaf9a3ddea999597ca_L.jpg","contentUrl":"https:\/\/www.tuinenblondiau.be\/wp-content\/uploads\/2021\/06\/077ab55046ce80eaf9a3ddea999597ca_L.jpg","width":770,"height":380},{"@type":"BreadcrumbList","@id":"https:\/\/www.tuinenblondiau.be\/fr\/qui-sommes-nous\/#breadcrumb","itemListElement":[{"@type":"ListItem","position":1,"name":"Start","item":"https:\/\/www.tuinenblondiau.be\/fr\/"},{"@type":"ListItem","position":2,"name":"Qui sommes-nous?"}]},{"@type":"WebSite","@id":"https:\/\/www.tuinenblondiau.be\/nl\/#website","url":"https:\/\/www.tuinenblondiau.be\/nl\/","name":"Welkom - Tuinen Blondiau","description":"Tuinonderneming Blondiau is opgericht in 1997 als eenmanszaak en is nu hedendaags uitgegroeid als bvba waarbij drie erkende aannemers Johan , Jens en Pieter uw tuindromen realiseren","publisher":{"@id":"https:\/\/www.tuinenblondiau.be\/nl\/#organization"},"potentialAction":[{"@type":"SearchAction","target":{"@type":"EntryPoint","urlTemplate":"https:\/\/www.tuinenblondiau.be\/nl\/?s={search_term_string}"},"query-input":{"@type":"PropertyValueSpecification","valueRequired":true,"valueName":"search_term_string"}}],"inLanguage":"fr-FR"},{"@type":"Organization","@id":"https:\/\/www.tuinenblondiau.be\/nl\/#organization","name":"Tuinen Blondiau","url":"https:\/\/www.tuinenblondiau.be\/nl\/","logo":{"@type":"ImageObject","inLanguage":"fr-FR","@id":"https:\/\/www.tuinenblondiau.be\/nl\/#\/schema\/logo\/image\/","url":"https:\/\/www.tuinenblondiau.be\/wp-content\/uploads\/2021\/06\/logo.png","contentUrl":"https:\/\/www.tuinenblondiau.be\/wp-content\/uploads\/2021\/06\/logo.png","width":220,"height":137,"caption":"Tuinen Blondiau"},"image":{"@id":"https:\/\/www.tuinenblondiau.be\/nl\/#\/schema\/logo\/image\/"},"sameAs":["https:\/\/www.facebook.com\/tuinenblondiau\/"]}]}},"_links":{"self":[{"href":"https:\/\/www.tuinenblondiau.be\/fr\/wp-json\/wp\/v2\/pages\/828","targetHints":{"allow":["GET"]}}],"collection":[{"href":"https:\/\/www.tuinenblondiau.be\/fr\/wp-json\/wp\/v2\/pages"}],"about":[{"href":"https:\/\/www.tuinenblondiau.be\/fr\/wp-json\/wp\/v2\/types\/page"}],"author":[{"embeddable":true,"href":"https:\/\/www.tuinenblondiau.be\/fr\/wp-json\/wp\/v2\/users\/1"}],"replies":[{"embeddable":true,"href":"https:\/\/www.tuinenblondiau.be\/fr\/wp-json\/wp\/v2\/comments?post=828"}],"version-history":[{"count":0,"href":"https:\/\/www.tuinenblondiau.be\/fr\/wp-json\/wp\/v2\/pages\/828\/revisions"}],"wp:featuredmedia":[{"embeddable":true,"href":"https:\/\/www.tuinenblondiau.be\/fr\/wp-json\/wp\/v2\/media\/829"}],"wp:attachment":[{"href":"https:\/\/www.tuinenblondiau.be\/fr\/wp-json\/wp\/v2\/media?parent=828"}],"curies":[{"name":"wp","href":"https:\/\/api.w.org\/{rel}","templated":true}]}}

<h2>JOHAN BLONDIAU</h2>
<p>Le fondateur de Jardins Blondiau est déjà plus de 25 ans travaillant dans le secteur de l&rsquo;horticulture. Johan est disponible tous les jours dans notre Centre de jardin pour toutes vos questions. Il peut également vous guider dans notre expo qui a été construit récemment. Grâce à sa vaste connaissance des plantes et des années d&rsquo;expérience, il est l&rsquo;homme idéal pour fournir des conseils de jardinage.</p>
<h2>JENS BLONDIAU</h2>
<p>La personne responsable de vos réalisations de jardins cherche toujours des défis. Il est très motivé à former votre jardin de A à Z, en commençant par le plan de votre jardin jusqu’à une réalisation étonnante. Sa connaissance des matériaux contemporains et durables est certainement un atout dans le secteur horticole. En suivant des formations sur une base régulière sa connaissance reste à jour.</p>
<h2>PIETER BLONDIAU</h2>
<p>La personne responsable de vos réalisations de jardins cherche toujours des défis. Il est très motivé à former votre jardin de A à Z, en commençant par le plan de votre jardin jusqu’à une réalisation étonnante. Sa connaissance des matériaux contemporains et durables est certainement un atout dans le secteur horticole. En suivant des formations sur une base régulière sa connaissance reste à jour.</p>

<p>JOHAN BLONDIAU Le fondateur de Jardins Blondiau est déjà plus&#8230;</p>

<!-- This site is optimized with the Yoast SEO plugin v27.0 - https://yoast.com/product/yoast-seo-wordpress/ -->
<title>Qui sommes-nous? - Welkom - Tuinen Blondiau</title>
<meta name="robots" content="index, follow, max-snippet:-1, max-image-preview:large, max-video-preview:-1" />
<link rel="canonical" href="https://www.tuinenblondiau.be/fr/qui-sommes-nous/" />
<meta property="og:locale" content="fr_FR" />
<meta property="og:type" content="article" />
<meta property="og:title" content="Qui sommes-nous? - Welkom - Tuinen Blondiau" />
<meta property="og:description" content="JOHAN BLONDIAU Le fondateur de Jardins Blondiau est déjà plus..." />
<meta property="og:url" content="https://www.tuinenblondiau.be/fr/qui-sommes-nous/" />
<meta property="og:site_name" content="Welkom - Tuinen Blondiau" />
<meta property="article:publisher" content="https://www.facebook.com/tuinenblondiau/" />
<meta property="article:modified_time" content="2021-06-16T11:02:42+00:00" />
<meta property="og:image" content="https://www.tuinenblondiau.be/wp-content/uploads/2021/06/077ab55046ce80eaf9a3ddea999597ca_L.jpg" />
	<meta property="og:image:width" content="770" />
	<meta property="og:image:height" content="380" />
	<meta property="og:image:type" content="image/jpeg" />
<meta name="twitter:card" content="summary_large_image" />
<meta name="twitter:label1" content="Durée de lecture estimée" />
	<meta name="twitter:data1" content="1 minute" />
<script type="application/ld+json" class="yoast-schema-graph">{"@context":"https://schema.org","@graph":[{"@type":"WebPage","@id":"https://www.tuinenblondiau.be/fr/qui-sommes-nous/","url":"https://www.tuinenblondiau.be/fr/qui-sommes-nous/","name":"Qui sommes-nous? - Welkom - Tuinen Blondiau","isPartOf":{"@id":"https://www.tuinenblondiau.be/nl/#website"},"primaryImageOfPage":{"@id":"https://www.tuinenblondiau.be/fr/qui-sommes-nous/#primaryimage"},"image":{"@id":"https://www.tuinenblondiau.be/fr/qui-sommes-nous/#primaryimage"},"thumbnailUrl":"https://www.tuinenblondiau.be/wp-content/uploads/2021/06/077ab55046ce80eaf9a3ddea999597ca_L.jpg","datePublished":"2021-06-08T11:20:41+00:00","dateModified":"2021-06-16T11:02:42+00:00","breadcrumb":{"@id":"https://www.tuinenblondiau.be/fr/qui-sommes-nous/#breadcrumb"},"inLanguage":"fr-FR","potentialAction":[{"@type":"ReadAction","target":["https://www.tuinenblondiau.be/fr/qui-sommes-nous/"]}]},{"@type":"ImageObject","inLanguage":"fr-FR","@id":"https://www.tuinenblondiau.be/fr/qui-sommes-nous/#primaryimage","url":"https://www.tuinenblondiau.be/wp-content/uploads/2021/06/077ab55046ce80eaf9a3ddea999597ca_L.jpg","contentUrl":"https://www.tuinenblondiau.be/wp-content/uploads/2021/06/077ab55046ce80eaf9a3ddea999597ca_L.jpg","width":770,"height":380},{"@type":"BreadcrumbList","@id":"https://www.tuinenblondiau.be/fr/qui-sommes-nous/#breadcrumb","itemListElement":[{"@type":"ListItem","position":1,"name":"Start","item":"https://www.tuinenblondiau.be/fr/"},{"@type":"ListItem","position":2,"name":"Qui sommes-nous?"}]},{"@type":"WebSite","@id":"https://www.tuinenblondiau.be/nl/#website","url":"https://www.tuinenblondiau.be/nl/","name":"Welkom - Tuinen Blondiau","description":"Tuinonderneming Blondiau is opgericht in 1997 als eenmanszaak en is nu hedendaags uitgegroeid als bvba waarbij drie erkende aannemers Johan , Jens en Pieter uw tuindromen realiseren","publisher":{"@id":"https://www.tuinenblondiau.be/nl/#organization"},"potentialAction":[{"@type":"SearchAction","target":{"@type":"EntryPoint","urlTemplate":"https://www.tuinenblondiau.be/nl/?s={search_term_string}"},"query-input":{"@type":"PropertyValueSpecification","valueRequired":true,"valueName":"search_term_string"}}],"inLanguage":"fr-FR"},{"@type":"Organization","@id":"https://www.tuinenblondiau.be/nl/#organization","name":"Tuinen Blondiau","url":"https://www.tuinenblondiau.be/nl/","logo":{"@type":"ImageObject","inLanguage":"fr-FR","@id":"https://www.tuinenblondiau.be/nl/#/schema/logo/image/","url":"https://www.tuinenblondiau.be/wp-content/uploads/2021/06/logo.png","contentUrl":"https://www.tuinenblondiau.be/wp-content/uploads/2021/06/logo.png","width":220,"height":137,"caption":"Tuinen Blondiau"},"image":{"@id":"https://www.tuinenblondiau.be/nl/#/schema/logo/image/"},"sameAs":["https://www.facebook.com/tuinenblondiau/"]}]}</script>
<!-- / Yoast SEO plugin. -->

JOHAN BLONDIAU Le fondateur de Jardins Blondiau est déjà plus...
